- 49. What is t(23)?
-26
Let h(q) = 4*q**3 + q**2 + 24*q + 76. Determine h(-4).
-260
Let d(r) = 99*r + 784. Give d(-8).
-8
Let l(x) = -2*x**2 + 24*x - 119. Give l(12).
-119
Let f(c) = -13*c**2 + 34*c + 33. Give f(-1).
-14
Let f(n) = n**2 - 16646. Determine f(129).
-5
Let o(r) = 2*r**3 + 12*r**2 - 179*r - 46. Give o(7).
-25
Let g(x) = -416*x + 898. Calculate g(2).
66
Let g(w) = 10*w + 156. Calculate g(-16).
-4
Let p(a) = 393*a**2 - 788*a - 5. What is p(2)?
-9
Let p(k) = -2*k**3 + 38*k**2 + 29*k - 18. Determine p(20).
-238
Let y(a) = -7*a + 298. Determine y(37).
39
Let h(l) = 32*l**3 - 8*l**2 + 4*l + 8. Give h(-2).
-288
Let g(f) = -f**3 + 14*f**2 + 6*f + 90. Determine g(14).
174
Let h(x) = -1862*x - 9305. Determine h(-5).
5
Let w(l) = 258*l + 83. Determine w(1).
341
Let d(g) = -g**3 + 118*g**2 - 150*g + 3861. Determine d(117).
0
Let k(o) = 21*o + 1082. Give k(-44).
158
Let h(c) = 4*c**2 - 66*c + 31. What is h(12)?
-185
Let s(p) = 3*p - 73. Calculate s(3).
-64
Let u(v) = v**2 - 10*v + 6. Give u(21).
237
Let g(c) = 85*c**2 - 178*c - 4. Give g(2).
-20
Let s(q) = -2*q**2 - 11*q + 7. Determine s(-6).
1
Let x(l) = -27*l + 224. What is x(10)?
-46
Let z(q) = q**3 - 13*q**2 - 55*q + 12. Calculate z(-6).
-342
Let s(g) = 3316*g - 281857. Calculate s(85).
3
Let y(f) = 2*f**2 + 8*f - 82. Calculate y(-11).
72
Let q(t) = 2*t**3 - 48*t**2 + 49*t - 115. Calculate q(23).
-46
Let p(i) = -8*i + 178. Give p(20).
18
Let r(j) = -10*j + 62. Give r(-12).
182
Let j(l) = 4*l**2 + 27*l - 243. Determine j(0).
-243
Let y(g) = 1330*g**2 - 7980*g - 1. Determine y(6).
-1
Let x(p) = p**3 + 6*p**2 - 20*p - 10. What is x(-9)?
-73
Let y(x) = 2*x + 138. Determine y(-67).
4
Let s(d) = 34*d + 1982. Give s(-58).
10
Let f(i) = -84*i - 1351. What is f(-16)?
-7
Let s(j) = j**2 + 73*j + 1256. Calculate s(-28).
-4
Let h(v) = -11*v**2 + 6*v - 1. Give h(2).
-33
Let w(r) = -r**2 - 58*r + 1969. What is w(24)?
1
Let i(w) = -7*w - 154. Calculate i(-20).
-14
Let m(v) = 5*v + 14. Determine m(-3).
-1
Let t(g) = -2*g**2 - 56*g - 347. Determine t(-19).
-5
Let v(a) = 14*a + 161. Calculate v(7).
259
Let p(v) = v**2 - 39*v + 136. Determine p(4).
-4
Let a(p) = p**3 - 171*p**2 + 1604*p + 964. Determine a(161).
-2
Let o(k) = -38*k + 3997. What is o(110)?
-183
Let o(u) = u**3 - 81*u**2 + 1137*u - 39. What is o(18)?
15
Let v(h) = -h**2 + 369*h - 6306. Give v(18).
12
Let m(t) = -83*t**3 + t**2 + 2*t + 2. Give m(-1).
84
Let u(s) = -4*s**2 + 23*s + 2. Determine u(5).
17
Let p(k) = -k**3 + 94*k**2 - 295*k + 4. What is p(3)?
-62
Let o(m) = -m + 31. Give o(-23).
54
Let t(q) = q**3 + 20*q**2 + 13*q - 417. Calculate t(-18).
-3
Let v(a) = 2*a**2 + 101*a - 418. Calculate v(4).
18
Let g(o) = -706*o + 7759. Give g(11).
-7
Let u(f) = -f**2 - 22*f + 433. Determine u(-37).
-122
Let m(j) = -23*j - 573. What is m(-44)?
439
Let x(j) = 38*j - 335. Give x(8).
-31
Let i(t) = -66*t + 5552. Calculate i(84).
8
Let s(r) = r**3 + 9*r**2 + 13*r + 15. Give s(-6).
45
Let g(s) = s**2 + 16*s - 1647. Determine g(-50).
53
Let x(s) = -s**3 + 42*s**2 - 95*s - 857. Calculate x(39).
1
Let o(z) = 25*z - 1062. What is o(38)?
-112
Let f(w) = w**3 + 12*w**2 + 17*w - 10. Give f(-9).
80
Let a(h) = 16*h**3 + 17*h**2 + 16*h + 10. Determine a(-1).
-5
Let b(a) = -a**3 + 45*a**2 - 10*a + 227. Determine b(45).
-223
Let n(d) = -d**3 + 11*d**2 - 8*d + 246. Determine n(12).
6
Let v(l) = -l**3 + 20*l**2 - 17. What is v(20)?
-17
Let n(i) = -4*i**2 + 15*i + 141. What is n(8)?
5
Let u(j) = 2*j**3 + 16*j**2 + 102*j + 822. What is u(-8)?
6
Let v(q) = -5*q**2 - 115*q - 603. Determine v(-8).
-3
Let i(x) = 62*x - 9945. Give i(159).
-87
Let o(w) = -3*w - 278. Calculate o(-47).
-137
Let n(v) = -3*v**2 + 208*v + 153. Give n(70).
13
Let c(u) = -4*u**2 - 46*u - 179. Calculate c(-6).
-47
Let c(h) = 2*h**2 - 55*h + 282. Give c(6).
24
Let z(i) = -i**3 + 8*i**2 + 7*i - 10. Calculate z(9).
-28
Let i(c) = -6369*c - 38217. Calculate i(-6).
-3
Let m(o) = -57*o - 3857. What is m(-66)?
-95
Let w(g) = -3*g**2 + 36*g - 18. Give w(11).
15
Let d(x) = -737*x - 7355. Give d(-10).
15
Let r(u) = -22*u**3 + 440*u**2 - 33*u + 669. Calculate r(20).
9
Let h(f) = -2*f**2 - 310*f - 7699. Give h(-124).
-11
Let b(l) = -140*l - 21232. Determine b(-152).
48
Let i(n) = -n**3 + 22*n**2 - 45*n + 380. What is i(21)?
-124
Let k(x) = -2*x**3 - 27*x**2 - 24*x - 17. Give k(-13).
126
Let c(h) = -327*h - 1323. Calculate c(-6).
639
Let f(y) = 2*y**3 - 80*y**2 + 103*y - 967. Determine f(39).
8
Let w(n) = 44*n**3 - 30*n**2 + 31*n - 1. Calculate w(1).
44
Let k(u) = -6*u**3 + 258*u**2 + 252*u + 531. What is k(44)?
3
Let p(r) = 16*r**3 + 14*r**2 + 17*r + 3. What is p(-1)?
-16
Let k(g) = g**2 + 22*g + 56. What is k(0)?
56
Let l(j) = -316*j + 11362. What is l(36)?
-14
Let b(s) = s**3 - 12*s**2 + 48*s - 395. What is b(11)?
12
Let j(w) = w**2 + 19*w - 43. Give j(-10).
-133
Let c(y) = -y**3 + 4*y**2 - 2*y - 5. What is c(-4)?
131
Let g(x) = -4617*x - 18464. What is g(-4)?
4
Let h(k) = 3*k**2 + 16*k - 536. What is h(11)?
3
Let l(j) = -13*j + 171. Give l(20).
-89
Let d(h) = h**2 - 60*h + 260. Determine d(30).
-640
Let i(s) = -s**3 + 16*s**2 - 16*s + 57. What is i(15)?
42
Let j(q) = 281*q - 38. Calculate j(-1).
-319
Let k(w) = 25*w**2 + 95*w + 256. Give k(-3).
196
Let z(f) = f**3 - 7*f**2 + 9*f + 28. What is z(5)?
23
Let x(t) = 62*t + 3310. What is x(-52)?
86
Let d(g) = 13*g**2 + 5*g + 73. What is d(-5)?
373
Let o(t) = -5*t**2 - 118*t + 57. Give o(-24).
9
Let s(f) = 11*f**2 - 126*f - 24. Give s(12).
48
Let p(j) = -j**2 - 694*j + 16497. Calculate p(23).
6
Let v(w) = -6*w**3 - 7*w**2 + 7*w - 6. What is v(-4)?
238
Let c(x) = 16*x + 172. What is c(-17)?
-100
Let h(a) = -600*a + 1802. Determine h(3).
2
Let j(m) = -19*m - 417. Determine j(-29).
134
Let f(b) = 13*b**2 - 39*b + 76. What is f(2)?
50
Let o(t) = 29*t - 635. Calculate o(16).
-171
Let i(j) = -j**2 - 14*j - 10. Determine i(-12).
14
Let d(n) = 4*n**3 + 150*n**2 + 76*n + 84. What is d(-37)?
10
Let a(y) = 2*y**2 + 20*y - 204. Give a(0).
-204
Let h(t) = -3056*t - 18. What is h(0)?
-18
Let j(c) = -c**3 + 19*c**2 - 83*c - 1. What is j(12)?
11
Let q(h) = -2*h**3 + 20*h**2 + h - 22. Determine q(9).
149
Let q(g) = -g**3 - 78*g**2 + 611*g - 2. Determine q(7).
110
Let s(g) = -g**3 - 6*g**2 + 13*g - 8. Calculate s(-8).
16
Let n(v) = 2*v**2 - 23*v + 52. Give n(14).
122
Let b(o) = -1083*o**2 + 6491*o - 8. What is b(6)?
-50
Let x(i) = -i**2 + 63*i + 12812. Determine x(149).
-2
Let f(s) = -s**3 + 47*s**2 - 314*s - 74. Determine f(39).
-152
Let y(w) = 2*w**2 + 37*w - 71. Calculate y(-19).
-52
Let y(x) = 547*x - 66735. Determine y(122).
-1
Let a(s) = s**3 - 11*s**2 - 2*s + 103. Give a(10).
-17
Let l(a) = a**3 + 30*a**2 + 63*a + 198. Determine l(-28).
2
Let n(i) = -96*i - 575. Give n(-6).
1
Let g(n) = -5772*n - 63511. Give g(-11).
-19
Let y(m) = 43*m + 20. What is y(-2)?
-66
Let f(r) = -86*r**2 + 4558*r - 67. Determine f(53).
-67
Let m(q) = q**3 + 10*q**2 + 579*q + 5. Calculate m(0).
5
Let i(p) = -3885*p - 3885. What is i(-1)?
0
Let k(a) = -a**3 + 61*a**2 + 3*a - 181. Give k(61).
2
Let z(a) = -1406*a - 5624. Give z(-4).
0
Let q(s) = 646*s - 29701. What is q(46)?
15
Let b(c) = 7138*c - 185591. Give b(26).
-3
Let s(y) = -538*y - 13470. Give s(-25).
-20
Let f(h) = -78*h**2 - 137*h - 4. Calculate f(-2).
-42
Let t(c) = -c**3 + 35*c**2 + 467*c - 770. Calculate t(45).
-5
Let x(b) = 10*b + 33. Give x(-16).
-127
Let m(d) = 146*d**2 - 123*d - 122. Give m(-1).
147
Let n(l) = 2*l + 29. What is n(-14)?
1
Let w(q) = q**2 + 195*q - 1776. Determine w(9).
60
Let h(i) = 16*i - 345. Give h(-9).
-489
Let f(v) = -v**2 - 1527*v + 10715. Give f(7).
-23
Let w(r) = 5*r**3 + 7*r**2 - 45*r - 2. Determine w(5).
573
Let l(y) = 193*y + 3078. What is l(-16)?
-10
Let h(i) = 2*i**2 + 44*i + 414. What is h(-8)?
190
Let z(t) = 4*t**3 - 104*t**2 - 6*t - 18. Determine z(26).
-174
Let t(v) = -v**2 - 9*v - 15. Give t(-20).
-235
Let a(o) = -9*o + 283. Calculate a(26).
49
Let r(t) = t**2 + 1371*t + 5478. What is r(-4)?
10
Let v(f) = -53*f**2 - 1434*f - 92. Determine v(-27).
-11
Let q(d) = d**2 - 3*d + 11. Calculate q(-4).
39
Let g(x) = -66*x + 738. Determine g(17).
-384
Let k(s) = 100*s - 379. What is k(5)?
121
Let i(b) = -14*b**2 + 85*b - 28. Give i(11).
-787
Let w(o) = o**3 + 106*o**2 - 225*o - 965. Calculate w(-108).
7
Let 